b be -1 - (-152)/(2/1). Suppose 16*r - 11*r = b. Suppose f + r = 18. Does 2 divide f?
False
Suppose -i + 0*a - a = -168, -331 = -2*i + 3*a. Suppose -6*t + 1681 = -i. Is 28 a factor of t?
True
Let c(y) = 3*y**2 + 14*y + 5. Let l(n) = 5*n**2 + 21*n + 8. Let j(a) = -8*c(a) + 5*l(a). Let x be j(6). Let u = 19 - x. Does 25 divide u?
True
Let g(t) = 4 - 1 - 2 - 4*t - t**2 + 1. Let m be g(-5). Does 2 divide (2/m)/((-4)/12)?
True
Let w = 308 - 274. Is 34 a factor of w?
True
Suppose 22*r - 8*r = 18368. Is 32 a factor of r?
True
Let b(j) = j**3 + 3*j**2 - 2*j - 2. Let r be b(-3). Let p(h) = 8*h**3 - h. Let u be p(2). Suppose 0 = k + 3*a + 6 - u, -2*k + r*a + 62 = 0. Is 11 a factor of k?
False
Suppose 0 = 2*b + 3*t - 486, 0 = 4*b - 2*t + 4*t - 956. Is 38 a factor of b?
False
Let c = -499 - -328. Let w = c - -413. Is 37 a factor of w?
False
Suppose 7 = 5*w - 3. Let s be -2 - w/4*-4. Suppose 2*b + z = 27, s = 3*b - 4*z - 15 - 9. Is 6 a factor of b?
True
Let s = -7 - -14. Let w(j) = s*j**2 - 5*j**2 - 11*j**2 - 11 + j**3 + 11*j. Does 3 divide w(8)?
False
Suppose -4*m + 16 = 0, -b - 3*m + 197 + 231 = 0. Let j = 621 - b. Is j a multiple of 41?
True
Suppose 4*g - 3*g = 2. Suppose 2*s + 6 = 2. Does 17 divide -17*(s - g - -3)?
True
Suppose -2*g - g + 33 = 0. Suppose -200 = -2*o - 3*o + 4*i, -o + g = 5*i. Is 10 a factor of o?
False
Suppose 0 = 4*p + 11 - 23. Suppose -9*o = p*o - 900. Is 25 a factor of o?
True
Suppose 45 = 5*m - 45. Let h = m + -11. Suppose 5 + h = i. Is i a multiple of 3?
True
Let d(y) = -y - 4. Let n be d(-7). Suppose w = n*w - 156. Does 8 divide w?
False
Let k(s) = 4*s - 5*s - 4 - 7*s. Let i be k(-4). Suppose -2*n = -6*n + i. Is 7 a factor of n?
True
Let j be 2/6*3 + 1. Suppose 4*h = j*h + 312. Suppose 5*q + 54 = 3*f - 39, 4*f + 4*q = h. Does 12 divide f?
True
Let o(u) = -11 + 5*u - 33 + 17*u + 18*u. Is 30 a factor of o(5)?
False
Let a be 4*1/((-16)/(-108)). Suppose -2*w - 4*x = -0*w + 24, 68 = -4*w + 2*x. Let j = a + w. Is 4 a factor of j?
False
Let y be -132*5/10*-1. Suppose -187 = -p - y. Is p a multiple of 11?
True
Let d = -1379 - -2131. Is d a multiple of 36?
False
Let m(z) = -z**2 + 26*z + 81. Is 13 a factor of m(21)?
False
Let j(g) = g + 7. Let n be j(-4). Suppose 3*a = 4*o + 234, -a + 5*a - 299 = o. Suppose -n*y - a = -s + 11, 3*s = -5*y + 325. Is 20 a factor of s?
True
Suppose -6000 = -91*r + 86*r. Is r a multiple of 14?
False
Is 34 a factor of 13*14/728 + 543/4?
True
Let b = 16 + 7. Let l = b + -20. Let r(q) = -q**3 + 4*q**2 - q - 3. Is 3 a factor of r(l)?
True
Let n be (192/(-40) - -4)*15. Let c = 18 + -12. Is 2/(-4)*c*n a multiple of 12?
True
Suppose 5*p = -t + 50, -3*t + 0*p + 150 = -2*p. Is t/4 - 5/(-10) a multiple of 13?
True
Suppose -4*r + 2*o + 1608 = 0, -5*o - 153 - 651 = -2*r. Is 67 a factor of r?
True
Let y be 507/13 + (-3)/1*1. Let u = 92 - y. Is u a multiple of 8?
True
Let b(d) = 76*d**3 - 1. Suppose 0*s - 3*s + 3 = 0. Is 15 a factor of b(s)?
True
Suppose 0 = 2*w + h - 1228, 4*w = 3*h + h + 2480. Is w a multiple of 77?
True
Suppose v - 4*o + o = 2, -4*v + 5*o = -1. Let t be 4/v + 4 + 0. Suppose t = -6*y + 12*y - 180. Is y a multiple of 10?
True
Let j be (0 - 3)*110/(-33). Suppose -3*b + 2*d = -j, d = -4*b + 3*d + 12. Suppose -198 = -b*w + 4*n, 3*w = 3*n + 207 + 78. Is 13 a factor of w?
True
Let a(u) = 2*u**2 - 17*u - 13. Let g be a(9). Does 9 divide (-2)/g + 4/(8/145)?
False
Is (9/2)/((-1)/((-3652)/33)) a multiple of 83?
True
Let w be 173 - (2 + -1 + 2). Suppose -7*z = -2*z - 10, 5*a = 5*z + w. Suppose -5*k + 3*j + 124 = 0, k - a + 2 = -4*j. Is k a multiple of 20?
False
Let u(d) = -d + 5. Suppose 3 + 0 = -b. Let h be u(b). Is 18 a factor of ((-72)/h)/((-1)/6)?
True
Suppose 556 = 2*x - 4*h, 13*x - 17*x - 5*h + 1164 = 0. Is 13 a factor of x?
True
Let u(h) = h - 11. Let g be u(11). Suppose -c + 3*p = -p + 430, g = -c + 3*p - 426. Is ((-1)/(-3))/((-6)/c) a multiple of 15?
False
Suppose 1 = -h + 2. Let d be 41 + 0 - (-2)/h. Suppose 0 = w - d - 6. Does 10 divide w?
False
Let v = -62 - -11. Let r = v - -82. Is 8 a factor of r?
False
Let y(n) = 3*n - 23. Let w(g) = g**3 - 11*g**2 - 11*g - 3. Let k be w(12). Is 4 a factor of y(k)?
True
Suppose 5 = 4*u + 25. Let w = 1 + 1. Is (-1 + w)/((-1)/u) a multiple of 3?
False
Let r = 13 - 13. Let v be 1 - r - (8 - 9). Suppose n + 6 = -n, v*w - 59 = 3*n. Is w a multiple of 10?
False
Let j = 5 + 2. Suppose 6*y = 3*y + 3, -g - 5*y = -j. Suppose -g*k + 112 = 2*w + w, 0 = -4*w + k + 164. Is 10 a factor of w?
True
Let g(r) = 5*r**2 + 3*r - 8. Suppose 0 = -2*x - 4, -5*s + s + 14 = 3*x. Is 33 a factor of g(s)?
True
Suppose 7*b - 10*b + 144 = 0. Suppose -15 = -2*k - 5*y, -6*k + 3*k + b = -y. Is 3/k + (-34)/(-5) a multiple of 2?
False
Suppose 0*d = 2*d - 2*v - 182, 0 = -4*d - v + 389. Suppose -5*o - 2*f + 78 = -o, -5*o = 3*f - d. Suppose -60 = -3*z - o. Does 13 divide z?
True
Let c(u) = u**2 + 11*u + 20. Does 66 divide c(7)?
False
Let p(j) = j**2 - 6*j + 21. Suppose 2*l - 3*l + 47 = 5*s, -2 = -l. Is 12 a factor of p(s)?
True
Suppose 5*r - 3*k = -0*r + 502, 4*k = -16. Suppose 3*z + 14 - r = 0. Suppose -5*u + z = -7. Is u a multiple of 7?
True
Let a(n) = n**3 + 9*n**2 + 7*n + 6. Let r(w) = -w + 1. Let c be r(7). Is 8 a factor of a(c)?
True
Let s(k) = -k**3 + 27*k**2 - 13*k + 53. Is 27 a factor of s(22)?
True
Let c(z) = z**2 + 5*z + 8. Let p be c(-6). Let b(y) = 10*y + 1. Let k(s) = 31*s + 2. Let h(u) = p*b(u) - 4*k(u). Is 14 a factor of h(4)?
True
Suppose 7*j = 17 + 11. Suppose 5*t = j + 1. Suppose 36 = 5*k + t. Is 3 a factor of k?
False
Let o be (0 + 0)/(-12 + 9). Does 6 divide (-2 - -18)/(4/6 - o)?
True
Let d = 48 + -11. Suppose 0*j = -2*j - 4*c + 72, -3*c - d = -2*j. Does 8 divide j?
False
Let i be 2 + ((-4)/2 - -1319). Suppose -2*u + 5*f + 280 = -385, i = 4*u + f. Is 22 a factor of u?
True
Suppose 5*h - 149 - 631 = 0. Is ((-5)/15)/((-1)/h) a multiple of 18?
False
Suppose 0 = 10*d - 38*d + 7308. Does 2 divide d?
False
Let l(m) = m**2 + 20*m + 20. Let k be l(-24). Suppose 4*j = s - k, -3*j - j - 308 = -3*s. Is 8 a factor of s?
True
Suppose -28 = -5*l + 52. Let v = l + -26. Does 16 divide (0 + -23)*v/5?
False
Suppose -f + 0 + 6 = 0. Suppose 14*p = f*p + 2240. Does 28 divide p?
True
Suppose -1 = -4*f - 17. Let c(k) = 7*k**2 - 7*k + 9. Is 15 a factor of c(f)?
False
Suppose 3*r - 1215 = 3*g, -1278 = -3*r - 5*g - 87. Is r a multiple of 22?
False
Suppose -35*p + 51840 = 5*p. Is 16 a factor of p?
True
Suppose 16 = 3*x + 2*r - 21, 3 = 2*x - 3*r. Suppose -3*t + 3 = z - t, -3*z = -2*t - x. Suppose z*v - 121 = -22. Is v a multiple of 6?
False
Let d(p) = 24*p**2 - 333*p - 5. Is 22 a factor of d(19)?
True
Suppose 48*x + 510 = 50*x. Suppose x + 9 = 4*f. Is f a multiple of 6?
True
Suppose 0 = 7*x - 1347 + 255. Let k = x + -73. Does 12 divide k?
False
Suppose 45*c - 12237 = 22278. Is 13 a factor of c?
True
Suppose 0 = 5*p - 20, -2*p + 6 = 5*d - 3*p. Suppose d + 4 = 6*y. Is 16 a factor of 2 + y - (2 - 31)?
True
Let g(d) = -11*d. Let z(s) = s - 1. Let n be z(-4). Is g(n) a multiple of 21?
False
Let m = 4248 - 2772. Is m a multiple of 59?
False
Let h be (-2 + 2)*(-6 + 7). Suppose -2*d - 3*d = h. Suppose d = -8*b + 2*b + 162. Is 6 a factor of b?
False
Let z(x) = x**3 + 16*x**2 + 9*x - 22. Let r be z(-15). Suppose 0*j - r = -2*t - 3*j, -2*t + 4*j = -96. Is 10 a factor of t?
True
Let j(w) = -78*w - 3. Let k = -15 - -12. Let m be j(k). Suppose 4*x - m = -39. Does 16 divide x?
True
Suppose 0*s + 45 = -2*h + 3*s, -h + s = 20. Let y(k) = k + 33. Does 6 divide y(h)?
True
Suppose -3*x = -4*x + 36. Is 9 a factor of 4204/x + 6/27?
True
Let p(t) = 19*t**2 + t - 4. Let l be p(-2). Let q = l + -40. Is 20 a factor of q?
False
Let p = -474 + 826. Is 16 a factor of p?
True
Let c be 8/(-28) + (-152)/7. Let p be 0 - (0 - 2) - c. Suppose 0 = 5*i + p - 69. Is i a multiple of 3?
True
Is 7 a factor of 3/6*1*56?
True
Let w(f) = -f**2 + 6*f. Let x be w(6). Suppose x = 3*z + 9, 4*j + 2*z - 34 = -j. Suppose s - j = 3. Does 6 divide s?
False
Is 73 a factor of (-6)/(-8) - 28/16*-959?
True
Let t be (14/5)/(3/75*-5). Let d(x) be the third derivative of x**6/120 + 7*x**5/30 - 5*x**4/24 + x**3/3 - x**2. Is 18 a factor of d(t)?
True
Let z = 1113 + 313. Is z a multiple of 46?
True
Let r(u) = 62 - 2*u**2 - 61 - 29*u**3 + 3*u + 4*u**2. Is r(-1) a multip